 the prime factors of 49542.
2, 3, 23, 359
What are the prime factors of 7232?
2, 113
What are the prime factors of 1527?
3, 509
What are the prime factors of 20487?
3, 6829
List the prime factors of 700.
2, 5, 7
List the prime factors of 7687.
7687
What are the prime factors of 3198?
2, 3, 13, 41
What are the prime factors of 14960?
2, 5, 11, 17
List the prime factors of 14164.
2, 3541
List the prime factors of 85061.
85061
What are the prime factors of 7888?
2, 17, 29
List the prime factors of 4057.
4057
List the prime factors of 5138.
2, 7, 367
List the prime factors of 6501.
3, 11, 197
What are the prime factors of 889?
7, 127
What are the prime factors of 4345?
5, 11, 79
List the prime factors of 878.
2, 439
What are the prime factors of 715?
5, 11, 13
List the prime factors of 22443.
3, 7481
List the prime factors of 293.
293
List the prime factors of 16254.
2, 3, 7, 43
What are the prime factors of 2156?
2, 7, 11
List the prime factors of 3508.
2, 877
What are the prime factors of 13798?
2, 6899
What are the prime factors of 3429?
3, 127
What are the prime factors of 462?
2, 3, 7, 11
List the prime factors of 45705.
3, 5, 11, 277
List the prime factors of 806.
2, 13, 31
What are the prime factors of 1362?
2, 3, 227
List the prime factors of 1681.
41
What are the prime factors of 1169?
7, 167
What are the prime factors of 422?
2, 211
List the prime factors of 2029.
2029
What are the prime factors of 6130?
2, 5, 613
List the prime factors of 3151.
23, 137
List the prime factors of 40590.
2, 3, 5, 11, 41
What are the prime factors of 3549?
3, 7, 13
List the prime factors of 15680.
2, 5, 7
What are the prime factors of 2615?
5, 523
List the prime factors of 15855.
3, 5, 7, 151
List the prime factors of 515.
5, 103
List the prime factors of 1210.
2, 5, 11
List the prime factors of 81676.
2, 7, 2917
What are the prime factors of 20800?
2, 5, 13
List the prime factors of 3195.
3, 5, 71
List the prime factors of 116954.
2, 58477
List the prime factors of 21311.
101, 211
List the prime factors of 781.
11, 71
List the prime factors of 3452.
2, 863
What are the prime factors of 10?
2, 5
List the prime factors of 78831.
3, 19, 461
List the prime factors of 593.
593
List the prime factors of 684.
2, 3, 19
List the prime factors of 26029.
26029
List the prime factors of 23898.
2, 3, 7, 569
What are the prime factors of 17426?
2, 8713
List the prime factors of 38520.
2, 3, 5, 107
List the prime factors of 3253.
3253
List the prime factors of 13811.
7, 1973
List the prime factors of 39821.
39821
List the prime factors of 355.
5, 71
List the prime factors of 2133.
3, 79
What are the prime factors of 190241?
103, 1847
What are the prime factors of 17599?
17599
What are the prime factors of 7696?
2, 13, 37
List the prime factors of 53262.
2, 3, 11, 269
What are the prime factors of 6926?
2, 3463
What are the prime factors of 3202?
2, 1601
What are the prime factors of 19194?
2, 3, 7, 457
List the prime factors of 4860.
2, 3, 5
What are the prime factors of 25807?
131, 197
What are the prime factors of 25403?
7, 19, 191
List the prime factors of 23850.
2, 3, 5, 53
What are the prime factors of 3317?
31, 107
What are the prime factors of 3679?
13, 283
What are the prime factors of 2512?
2, 157
List the prime factors of 44656.
2, 2791
What are the prime factors of 12259?
13, 23, 41
What are the prime factors of 1251?
3, 139
What are the prime factors of 144487?
7, 20641
List the prime factors of 16215.
3, 5, 23, 47
List the prime factors of 784.
2, 7
List the prime factors of 7657.
13, 19, 31
List the prime factors of 7518.
2, 3, 7, 179
List the prime factors of 3675.
3, 5, 7
List the prime factors of 524.
2, 131
What are the prime factors of 37250?
2, 5, 149
What are the prime factors of 43562?
2, 23, 947
List the prime factors of 10133.
10133
What are the prime factors of 1890?
2, 3, 5, 7
List the prime factors of 1673.
7, 239
List the prime factors of 33470.
2, 5, 3347
What are the prime factors of 884?
2, 13, 17
What are the prime factors of 10958?
2, 5479
List the prime factors of 17722.
2, 8861
List the prime factors of 1683.
3, 11, 17
What are the prime factors of 13766?
2, 6883
List the prime factors of 2201.
31, 71
List the prime factors of 6972.
2, 3, 7, 83
List the prime factors of 18120.
2, 3, 5, 151
What are the prime factors of 24864?
2, 3, 7, 37
List the prime factors of 3052.
2, 7, 109
List the prime factors of 563.
563
List the prime factors of 81340.
2, 5, 7, 83
What are the prime factors of 44268?
2, 3, 7, 17, 31
List the prime factors of 90031.
90031
What are the prime factors of 1602?
2, 3, 89
List the prime factors of 4793.
4793
What are the prime factors of 7192?
2, 29, 31
List the prime factors of 12164.
2, 3041
What are the prime factors of 2124?
2, 3, 59
List the prime factors of 4929.
3, 31, 53
What are the prime factors of 614?
2, 307
List the prime factors of 836.
2, 11, 19
What are the prime factors of 703?
19, 37
List the prime factors of 54001.
54001
What are the prime factors of 11610?
2, 3, 5, 43
What are the prime factors of 65770?
2, 5, 6577
What are the prime factors of 2355?
3, 5, 157
What are the prime factors of 28121?
61, 461
List the prime factors of 2293.
2293
What are the prime factors of 40677?
3, 7, 13, 149
What are the prime factors of 12235?
5, 2447
What are the prime factors of 1961?
37, 53
List the prime factors of 1831.
1831
List the prime factors of 74209.
74209
List the prime factors of 449.
449
What are the prime factors of 2870?
2, 5, 7, 41
List the prime factors of 14412.
2, 3, 1201
List the prime factors of 8455.
5, 19, 89
List the prime factors of 1036.
2, 7, 37
List the prime factors of 3036.
2, 3, 11, 23
What are the prime factors of 23521?
43, 547
What are the prime factors of 2749?
2749
List the prime factors of 1093.
1093
List the prime factors of 35274.
2, 3, 5879
What are the prime factors of 18910?
2, 5, 31, 61
List the prime factors of 369.
3, 41
What are the prime factors of 1057?
7, 151
List the prime factors of 800.
2, 5
List the prime factors of 26935.
5, 5387
What are the prime factors of 246?
2, 3, 41
List the prime factors of 35964.
2, 3, 37
What are the prime factors of 2929?
29, 101
What are the prime factors of 7713?
3, 857
What are the prime factors of 111799?
111799
What are the prime factors of 59178?
2, 3, 7, 1409
List the prime factors of 14721.
3, 7, 701
What are the prime factors of 685?
5, 137
What are the prime factors of 1614?
2, 3, 269
List the prime factors of 1309.
7, 11, 17
What are the prime factors of 127?
127
What are the prime factors of 2276?
2, 569
What are the prime factors of 861?
3, 7, 41
What are the prime factors of 30418?
2, 67, 227
List the prime factors of 6250.
2, 5
What are the prime factors of 4244?
2, 1061
List the prime factors of 3618.
2, 3, 67
List the prime factors of 465.
3, 5, 31
What are the prime factors of 662?
2, 331
What are the prime factors of 72007?
13, 29, 191
What are the prime factors of 3538?
2, 29, 61
What are the prime factors of 10748?
2, 2687
What are the prime factors of 7180?
2, 5, 359
List the prime factors of 10878.
2, 3, 7, 37
What are the prime factors of 6902?
2, 7, 17, 29
What are the prime factors of 171?
3, 19
List the prime factors of 21134.
2, 10567
What are the prime factors of 1933?
1933
What are the prime factors of 8236?
2, 29, 71
What are the prime factors of 15072?
2, 3, 157
What are the prime factors of 30576?
2, 3, 7, 13
List the prime factors of 20148.
2, 3, 23, 73
List the prime factors of 14096.
2, 881
What are the prime factors of 3763?
53, 71
What are the prime factors of 34693?
34693
List the prime factors of 964.
2, 241
What are the prime factors of 1193?
1193
What are the prime factors of 16517?
83, 199
List the prime factors of 77176.
2, 11, 877
What are the prime factors of 70005?
3, 5, 13, 359
What are the prime factors of 965?
5, 193
What are the prime factors of 4312?
2, 7, 11
What are the prime factors of 69283?
79, 877
What are the prime factors of 960?
2, 3, 5
List the prime factors of 10261.
31, 331
List the prime factors of 2422.
2, 7, 173
List the prime factors of 802.
2, 401
What are the prime factors of 10931?
17, 643
What are the prime factors of 863?
863
What are the prime factors o